{"id":39,"date":"2014-08-20T19:47:29","date_gmt":"2014-08-20T19:47:29","guid":{"rendered":"http:\/\/integralnonacrtovanjestavb.si\/?page_id=39"},"modified":"2019-11-11T12:39:54","modified_gmt":"2019-11-11T12:39:54","slug":"zakaj-integralno-nacrtovanje","status":"publish","type":"page","link":"https:\/\/integralnonacrtovanjestavb.si\/","title":{"rendered":"Zakaj integralno na\u010drtovanje?"},"content":{"rendered":"\n<p>Integralno na\u010drtovanje je potrebno za re\u0161evanje kompleksnih vpra\u0161anj, ki se pojavijo pri na\u010drtovanju visoko energetsko in okoljsko u\u010dinkovitih stavb. Pri teh postopkih je poudarek na sodelovanju multidisciplinarnih skupin, kot tudi na jasnem postavljanju ciljev in sistemati\u010dnem nadzoru. V zgodnjih fazah na\u010drtovanja lahko zelo pozitivno vplivamo na u\u010dinkovitost stavb, medtem ko so motnje in stro\u0161ki, povezani s spremembami na\u010drtovanja, zelo majhni.<\/p>\n\n\n<p><a href=\"http:\/\/integralnonacrtovanjestavb.si\/wp-content\/uploads\/2014\/03\/a5-leaflet-final.pdf\">IeN Letak (A5)<\/a><br>\n<a href=\"http:\/\/integralnonacrtovanjestavb.si\/wp-content\/uploads\/2014\/03\/poster-a1-final.pdf\">IeN Poster (A2)<\/a><\/p>","protected":false},"excerpt":{"rendered":"<p>Integralno na\u010drtovanje je potrebno za re\u0161evanje kompleksnih vpra\u0161anj, ki se pojavijo pri na\u010drtovanju visoko energetsko in okoljsko u\u010dinkovitih stavb. Pri teh postopkih je poudarek na sodelovanju multidisciplinarnih skupin, kot tudi\u2026 <a href=\"https:\/\/integralnonacrtovanjestavb.si\/\" class=\"read-more-link\">read more &rarr;<\/a><\/p>\n","protected":false},"author":3,"featured_media":0,"parent":0,"menu_order":0,"comment_status":"closed","ping_status":"closed","template":"","meta":{"footnotes":""},"_links":{"self":[{"href":"https:\/\/integralnonacrtovanjestavb.si\/index.php?rest_route=\/wp\/v2\/pages\/39"}],"collection":[{"href":"https:\/\/integralnonacrtovanjestavb.si\/index.php?rest_route=\/wp\/v2\/pages"}],"about":[{"href":"https:\/\/integralnonacrtovanjestavb.si\/index.php?rest_route=\/wp\/v2\/types\/page"}],"author":[{"embeddable":true,"href":"https:\/\/integralnonacrtovanjestavb.si\/index.php?rest_route=\/wp\/v2\/users\/3"}],"replies":[{"embeddable":true,"href":"https:\/\/integralnonacrtovanjestavb.si\/index.php?rest_route=%2Fwp%2Fv2%2Fcomments&post=39"}],"version-history":[{"count":4,"href":"https:\/\/integralnonacrtovanjestavb.si\/index.php?rest_route=\/wp\/v2\/pages\/39\/revisions"}],"predecessor-version":[{"id":104,"href":"https:\/\/integralnonacrtovanjestavb.si\/index.php?rest_route=\/wp\/v2\/pages\/39\/revisions\/104"}],"wp:attachment":[{"href":"https:\/\/integralnonacrtovanjestavb.si\/index.php?rest_route=%2Fwp%2Fv2%2Fmedia&parent=39"}],"curies":[{"name":"wp","href":"https:\/\/api.w.org\/{rel}","templated":true}]}}